{"id":5,"date":"2021-04-03T14:59:51","date_gmt":"2021-04-03T12:59:51","guid":{"rendered":"http:\/\/patrick-valette.fr\/index.php\/mesmerize\/"},"modified":"2021-08-23T14:17:05","modified_gmt":"2021-08-23T12:17:05","slug":"mesmerize","status":"publish","type":"page","link":"https:\/\/patrick-valette.fr\/","title":{"rendered":"Front Page"},"content":{"rendered":"<div  id=\"latest-news-1\" style=\"background-color: #f5fafd;\" data-label=\"Latest-news\" data-id=\"blog-section\" data-export-id=\"blog-section\" data-category=\"latest_news\" class=\"blog-section blog-section-standard content-section content-section-spacing\"><div  class=\"gridContainer\"> <div  class=\"row\"><div  data-type=\"column\" class=\"section-title-col\"> <h2  class=\"\">Mes derni\u00e8res pens\u00e9es&nbsp;<\/h2> <p  class=\"lead\">Tout ce que je raconte ici ne sont que des id\u00e9es, pens\u00e9es sortant de mon esprit \u00e0 l\u2019instant T.\n<br >Je ne m\u2019excuse pas d\u2019exister et d\u2019\u00eatre humain. Si vos opinions sont diff\u00e9rentes alors n\u2019h\u00e9sitez pas \u00e0 m\u2019en faire part mais avec respect.<\/p><\/div> <\/div> <div  class=\"row\"> <div  data-type=\"row\" data-dynamic-columns=\"handled\" data-content-shortcode=\"mesmerize_latest_news\">\t\t<div class=\"row center-sm content-left-sm\">\n\t\t\t\t\t<div id=\"post-1995\" class=\"col-sm-6 col-md-4 space-bottom space-bottom-xs\">\n\t\t\t\t<div class=\"post-content card y-move bordered\">\n\t\t\t\t\t<div class=\"post-thumbnail\">\n   <a href=\"https:\/\/patrick-valette.fr\/index.php\/2023\/02\/17\/putain-arretez-de-nous-prendre-pour-des-cons\/\" class=\"post-list-item-thumb \">\n      \n            <svg class=\"mesmerize-post-list-item-thumb-placeholder\" width=\"890\" height=\"580\" viewBox=\"0 0 890 580\"\n         preserveAspectRatio=\"none\">\n         <rect width=\"890\" height=\"580\" style=\"fill:#FF9800;\"><\/rect>\n      <\/svg>\n               <\/a>\n<\/div>\n\t\t\t\t\t<div class=\"col-padding col-padding-xs\">\n\t\t\t\t\t\t<h3 class=\"post-title space-bottom-small\">\n\t\t\t\t\t\t\t<a href=\"https:\/\/patrick-valette.fr\/index.php\/2023\/02\/17\/putain-arretez-de-nous-prendre-pour-des-cons\/\" rel=\"bookmark\">\n\t\t\t\t\t\t\t\tPutain, arr\u00eatez de nous prendre pour des cons !\t\t\t\t\t\t\t<\/a>\n\t\t\t\t\t\t<\/h3>\n\t\t\t\t\t\t<p>Encore un coup de gueule de ma part. Je sais que personne ne lira ces quelques mots mais ils faut qu&rsquo;ils sortent. Le COVID, La guerre en Ukraine, m\u00e8re de[&hellip;]<\/p>\n\t\t\t\t\t\t<a class=\"read-more link\" href=\"https:\/\/patrick-valette.fr\/index.php\/2023\/02\/17\/putain-arretez-de-nous-prendre-pour-des-cons\/\">\n\t\t\t\t\t\t\tRead more\t\t\t\t\t\t<\/a>\n\t\t\t\t\t<\/div>\n\t\t\t\t<\/div>\n\t\t\t<\/div>\n\t\t\t\t\t\t<div id=\"post-1990\" class=\"col-sm-6 col-md-4 space-bottom space-bottom-xs\">\n\t\t\t\t<div class=\"post-content card y-move bordered\">\n\t\t\t\t\t<div class=\"post-thumbnail\">\n   <a href=\"https:\/\/patrick-valette.fr\/index.php\/2022\/08\/27\/speculation-ou-marche-noir\/\" class=\"post-list-item-thumb \">\n      \n            <svg class=\"mesmerize-post-list-item-thumb-placeholder\" width=\"890\" height=\"580\" viewBox=\"0 0 890 580\"\n         preserveAspectRatio=\"none\">\n         <rect width=\"890\" height=\"580\" style=\"fill:#FF9800;\"><\/rect>\n      <\/svg>\n               <\/a>\n<\/div>\n\t\t\t\t\t<div class=\"col-padding col-padding-xs\">\n\t\t\t\t\t\t<h3 class=\"post-title space-bottom-small\">\n\t\t\t\t\t\t\t<a href=\"https:\/\/patrick-valette.fr\/index.php\/2022\/08\/27\/speculation-ou-marche-noir\/\" rel=\"bookmark\">\n\t\t\t\t\t\t\t\tSp\u00e9culation ou march\u00e9 noir ?\t\t\t\t\t\t\t<\/a>\n\t\t\t\t\t\t<\/h3>\n\t\t\t\t\t\t<p>\u00a0\u00a0\u00a0\u00a0 La guerre en UKRAINE. Ma\u00eetre mot\u00a0 mais surtout source de tous nos maux. La guerre en UKRAINE\u00a0 a commenc\u00e9 en f\u00e9vrier 2022. Peu avant l\u2019inflation s&rsquo;insinuait dans nos vies[&hellip;]<\/p>\n\t\t\t\t\t\t<a class=\"read-more link\" href=\"https:\/\/patrick-valette.fr\/index.php\/2022\/08\/27\/speculation-ou-marche-noir\/\">\n\t\t\t\t\t\t\tRead more\t\t\t\t\t\t<\/a>\n\t\t\t\t\t<\/div>\n\t\t\t\t<\/div>\n\t\t\t<\/div>\n\t\t\t\t\t\t<div id=\"post-1963\" class=\"col-sm-6 col-md-4 space-bottom space-bottom-xs\">\n\t\t\t\t<div class=\"post-content card y-move bordered\">\n\t\t\t\t\t<div class=\"post-thumbnail\">\n   <a href=\"https:\/\/patrick-valette.fr\/index.php\/2022\/06\/23\/vive-la-politique-ses-blaireaux\/\" class=\"post-list-item-thumb \">\n      <img fetchpriority=\"high\" decoding=\"async\" width=\"823\" height=\"960\" src=\"https:\/\/patrick-valette.fr\/wp-content\/uploads\/2022\/06\/fausse-idee-pour-blog.jpg\" class=\"attachment-post-thumbnail size-post-thumbnail wp-post-image\" alt=\"\" srcset=\"https:\/\/patrick-valette.fr\/wp-content\/uploads\/2022\/06\/fausse-idee-pour-blog.jpg 823w, https:\/\/patrick-valette.fr\/wp-content\/uploads\/2022\/06\/fausse-idee-pour-blog-257x300.jpg 257w, https:\/\/patrick-valette.fr\/wp-content\/uploads\/2022\/06\/fausse-idee-pour-blog-768x896.jpg 768w\" sizes=\"(max-width: 823px) 100vw, 823px\" \/>   <\/a>\n<\/div>\n\t\t\t\t\t<div class=\"col-padding col-padding-xs\">\n\t\t\t\t\t\t<h3 class=\"post-title space-bottom-small\">\n\t\t\t\t\t\t\t<a href=\"https:\/\/patrick-valette.fr\/index.php\/2022\/06\/23\/vive-la-politique-ses-blaireaux\/\" rel=\"bookmark\">\n\t\t\t\t\t\t\t\tVIVE LA POLITIQUE &#038; SES BLAIREAUX\t\t\t\t\t\t\t<\/a>\n\t\t\t\t\t\t<\/h3>\n\t\t\t\t\t\t<p>&nbsp;&nbsp;&nbsp;&nbsp; Ca y est le suspense est lev\u00e9. Les \u00e9lections pr\u00e9sidentielles sont pass\u00e9es ainsi que&nbsp; les \u00e9lections l\u00e9gislatives. &nbsp;&nbsp;&nbsp; Avec une abstention de 28 % au second tour des \u00e9lections[&hellip;]<\/p>\n\t\t\t\t\t\t<a class=\"read-more link\" href=\"https:\/\/patrick-valette.fr\/index.php\/2022\/06\/23\/vive-la-politique-ses-blaireaux\/\">\n\t\t\t\t\t\t\tRead more\t\t\t\t\t\t<\/a>\n\t\t\t\t\t<\/div>\n\t\t\t\t<\/div>\n\t\t\t<\/div>\n\t\t\t\t<\/div>\n\t<\/div><\/div> <div  class=\"row\"><div  class=\"text-center\"> <a  class=\"button color1\" data-attr-shortcode=\"href:mesmerize_blog_link\" href=\"https:\/\/patrick-valette.fr\/index.php\/mes-pensees\/\">Voir mes articles<\/a><\/div> <\/div><\/div><\/div><div  id=\"about-1\" style=\"background-color: #f5fafd;\" data-label=\"About\" data-id=\"about-1\" data-export-id=\"about-1\" data-category=\"about\" class=\"about-1 content-section\"><div  class=\"gridContainer\"> <div  class=\"row text-center\"><div  class=\"section-title-col\" data-type=\"column\"> <h5  class=\"\">GALERIE D\u2019ART<\/h5> <h2  class=\"\">\u201cEn art point de fronti\u00e8re.\u201d&nbsp;&nbsp;\n<br ><span  href=\"#\" style=\"font-weight: 700; font-family: Playfair Display,sans-serif; font-style: italic;\">Victor Hugo<\/span>&nbsp;<\/h2> <p  class=\"lead\">Quelques cr\u00e9ations de mon cru<\/p><\/div> <\/div> <div  class=\"row\"> <div  class=\"button-holder space-bottom space-bottom-small\" data-type=\"column\"> <a class=\"button color1\" href=\"https:\/\/patrick-valette.fr\/index.php\/mon-art\" target=\"_self\" data-cp-link=\"1\" rel=\"noopener\">Galerie d\u2019art<\/a><\/div> <div  class=\"col-xs bottom-xs flexbox image-group-bottom-3-img space-bottom-xs center-xs\"> <img decoding=\"async\"  class=\"left-img shadow-large-black\" data-size=\"500x300\" src=\"http:\/\/patrick-valette.fr\/wp-content\/uploads\/2021\/08\/cropped-51270.jpg\" title=\"cropped-51270.jpg\" alt=\"\"> <img decoding=\"async\"  class=\"center-img shadow-large-black\" data-size=\"500x300\" src=\"http:\/\/patrick-valette.fr\/wp-content\/uploads\/2021\/08\/cropped-Dessin-01-scaled-1.jpg\" title=\"cropped-Dessin-01-scaled-1.jpg\" alt=\"\"> <img decoding=\"async\"  class=\"right-img shadow-large-black\" data-size=\"500x300\" src=\"http:\/\/patrick-valette.fr\/wp-content\/uploads\/2021\/08\/cropped-51266.jpg\" title=\"cropped-51266.jpg\" alt=\"\"><\/div> <\/div><\/div> <\/div><div  data-label=\"About\" data-id=\"about--1\" data-export-id=\"about-10\" data-category=\"about\" class=\"about-10 content-section content-section-spacing\" id=\"about-2\" style=\"background-color: rgb(255, 255, 255);\"><div  class=\"gridContainer\"> <div  class=\"row middle-sm text-center\"><div  class=\"col-sm-5 space-bottom-xs content-column\" data-type=\"column\"> <h5  class=\"\">Mes voyages<\/h5> <h2  class=\"\">\u00ab Il faut&nbsp;&nbsp;<br > <span  style=\"font-family: Playfair Display,sans-serif; font-weight: 700; font-style: italic;\" href=\"#\">voyager\n<\/span>&nbsp;pour apprendre. \u00bb \u2013 Mark Twainpour&nbsp;<\/h2> <p  class=\"\">Quoi de plus int\u00e9ressant que la d\u00e9couverte de nouveaut\u00e9s, de culture\u2026\n<br >retrouvez mes articles \u00e9tay\u00e9s de photos de mes exp\u00e9ditions <\/p> <a class=\"button color1\" href=\"https:\/\/patrick-valette.fr\/index.php\/mes-voyages\" target=\"_self\" data-cp-link=\"1\" rel=\"noopener\">MES VOYAGES<\/a><\/div> <div  class=\"col-sm-7 flexbox middle-xs center-xs space-bottom-xs\"><div  class=\"overlay-box middle-xs center-xs flexbox\"> <div  class=\"overlay-box-offset offset-border shadow-medium border-color1 hide-xs\"><\/div> <img decoding=\"async\"  class=\"shadow-large\" data-size=\"485x705\" src=\"http:\/\/patrick-valette.fr\/wp-content\/uploads\/2021\/08\/cropped-228041740_400707844722271_4180664851136523730_n-1.jpg\" title=\"cropped-228041740_400707844722271_4180664851136523730_n-1.jpg\" alt=\"\"><\/div> <\/div><\/div> <\/div><\/div><div  id=\"portfolio-3\" style=\"background-color: #f5fafd;\" data-label=\"Portfolio\" data-id=\"portfolio-4\" data-export-id=\"portfolio-4\" data-category=\"portfolio\" class=\"portfolio-4 content-section content-section-spacing-top\"><div  class=\"\"> <div  class=\"row text-center\"><div  class=\"section-title-col\" data-type=\"column\"> <h2  class=\"\">Portfolio<\/h2> <p  class=\"lead\">Quelques photos \u00e0 d\u00e9couvrir<\/p><\/div> <\/div> <div  data-type=\"row\" class=\"row\" data-fixed=\"true\"> <div  class=\"col-xs-12 col-sm-3 no-gutter-col\"> <div  class=\"contentswap-effect\" data-hover-fx=\"portfolio-4\"> <div  class=\"initial-image\"> <img decoding=\"async\"  data-size=\"542x360\" src=\"https:\/\/patrick-valette.fr\/wp-content\/uploads\/2021\/08\/cropped-IMG_6245-scaled-1.jpg\"><\/div> <div  class=\"overlay bg-color1\"><\/div> <div  class=\"swap-inner col-xs-12\"> <div  class=\"row full-height-row middle-xs middle-sm\"> <div  class=\"col-xs-12 text-center content-holder\"> <a href=\"\/\/patrick-valette.fr\/index.php\/mes-photos\/p\/mes-photos\" target=\"_blank\" rel=\"noopener\"><i  class=\"fa icon portfolio-icon fa-search big\" aria-hidden=\"true\"><\/i><\/a><\/div> <\/div><\/div> <\/div><\/div> <div  class=\"col-xs-12 col-sm-3 no-gutter-col\"><div  class=\"contentswap-effect\" data-hover-fx=\"portfolio-4\"> <div  class=\"initial-image\"> <img decoding=\"async\"  data-size=\"542x360\" src=\"https:\/\/patrick-valette.fr\/wp-content\/uploads\/2021\/08\/cropped-IMG_6215-scaled-1.jpg\"><\/div> <div  class=\"overlay bg-color1\"><\/div> <div  class=\"swap-inner col-xs-12\"> <div  class=\"row full-height-row middle-xs middle-sm\"> <div  class=\"col-xs-12 text-center content-holder\"> <a href=\"\/\/patrick-valette.fr\/index.php\/mes-photos\/mes-photos\" target=\"_blank\" rel=\"noopener\"><i  class=\"fa icon portfolio-icon fa-search big\" aria-hidden=\"true\"><\/i><\/a><\/div> <\/div><\/div> <\/div><\/div> <div  class=\"col-xs-12 col-sm-3 no-gutter-col\"><div  class=\"contentswap-effect\" data-hover-fx=\"portfolio-4\"> <div  class=\"initial-image\"> <img decoding=\"async\"  data-size=\"542x360\" src=\"https:\/\/patrick-valette.fr\/wp-content\/uploads\/2021\/08\/cropped-IMG_6218-scaled-1.jpg\"><\/div> <div  class=\"overlay bg-color1\"><\/div> <div  class=\"swap-inner col-xs-12\"> <div  class=\"row full-height-row middle-xs middle-sm\"> <div  class=\"col-xs-12 text-center content-holder\"> <a href=\"\/\/patrick-valette.fr\/index.php\/mes-photos\" target=\"_blank\" rel=\"noopener\"><i  class=\"fa icon portfolio-icon fa-search big\" aria-hidden=\"true\"><\/i><\/a><\/div> <\/div><\/div> <\/div><\/div> <div  class=\"col-xs-12 col-sm-3 no-gutter-col\"><div  class=\"contentswap-effect\" data-hover-fx=\"portfolio-4\"> <div  class=\"initial-image\"> <img decoding=\"async\"  data-size=\"542x360\" src=\"https:\/\/patrick-valette.fr\/wp-content\/uploads\/2021\/08\/cropped-228041740_400707844722271_4180664851136523730_n.jpg\"><\/div> <div  class=\"overlay bg-color1\"><\/div> <div  class=\"swap-inner col-xs-12\"> <div  class=\"row full-height-row middle-xs middle-sm\"> <div  class=\"col-xs-12 text-center content-holder\"> <a href=\"\/\/patrick-valette.fr\/index.php\/mes-photos\" target=\"_blank\" rel=\"noopener\"><i  class=\"fa icon portfolio-icon fa-search big\" aria-hidden=\"true\"><\/i><\/a><\/div> <\/div><\/div> <\/div><\/div> <div  class=\"col-xs-12 col-sm-3 no-gutter-col\"><div  class=\"contentswap-effect\" data-hover-fx=\"portfolio-4\"> <div  class=\"initial-image\"> <img decoding=\"async\"  data-size=\"542x360\" src=\"https:\/\/patrick-valette.fr\/wp-content\/uploads\/2021\/08\/cropped-IMG_20210810_181206-scaled-1.jpg\"><\/div> <div  class=\"overlay bg-color1\"><\/div> <div  class=\"swap-inner col-xs-12\"> <div  class=\"row full-height-row middle-xs middle-sm\"> <div  class=\"col-xs-12 text-center content-holder\"> <a href=\"\/\/patrick-valette.fr\/index.php\/mes-photos\" target=\"_blank\" rel=\"noopener\"><i  class=\"fa icon portfolio-icon fa-search big\" aria-hidden=\"true\"><\/i><\/a><\/div> <\/div><\/div> <\/div><\/div> <div  class=\"col-xs-12 col-sm-3 no-gutter-col\"><div  class=\"contentswap-effect\" data-hover-fx=\"portfolio-4\"> <div  class=\"initial-image\"> <img decoding=\"async\"  data-size=\"542x360\" src=\"https:\/\/patrick-valette.fr\/wp-content\/uploads\/2021\/08\/cropped-IMG_6217-scaled-1.jpg\"><\/div> <div  class=\"overlay bg-color1\"><\/div> <div  class=\"swap-inner col-xs-12\"> <div  class=\"row full-height-row middle-xs middle-sm\"> <div  class=\"col-xs-12 text-center content-holder\"> <a href=\"\/\/patrick-valette.fr\/index.php\/mes-photos\" target=\"_blank\" rel=\"noopener\"><i  class=\"fa icon portfolio-icon fa-search big\" aria-hidden=\"true\"><\/i><\/a><\/div> <\/div><\/div> <\/div><\/div> <div  class=\"col-xs-12 col-sm-3 no-gutter-col\"><div  class=\"contentswap-effect\" data-hover-fx=\"portfolio-4\"> <div  class=\"initial-image\"> <img decoding=\"async\"  data-size=\"542x360\" src=\"https:\/\/patrick-valette.fr\/wp-content\/uploads\/2021\/08\/cropped-IMG_6192-scaled-2.jpg\"><\/div> <div  class=\"overlay bg-color1\"><\/div> <div  class=\"swap-inner col-xs-12\"> <div  class=\"row full-height-row middle-xs middle-sm\"> <div  class=\"col-xs-12 text-center content-holder\"> <a href=\"https:\/\/patrick-valette.fr\/index.php\/mes-photos\" target=\"_blank\" rel=\"noopener\"><i  class=\"fa icon portfolio-icon fa-search big\" aria-hidden=\"true\"><\/i><\/a><\/div> <\/div><\/div> <\/div><\/div> <div  class=\"col-xs-12 col-sm-3 no-gutter-col\"><div  class=\"contentswap-effect\" data-hover-fx=\"portfolio-4\"> <div  class=\"initial-image\"> <img decoding=\"async\"  data-size=\"542x360\" src=\"https:\/\/patrick-valette.fr\/wp-content\/uploads\/2021\/08\/cropped-cropped-IMG_6245-scaled-1.jpg\"><\/div> <div  class=\"overlay bg-color1\"><\/div> <div  class=\"swap-inner col-xs-12\"> <div  class=\"row full-height-row middle-xs middle-sm\"> <div  class=\"col-xs-12 text-center content-holder\"> <a href=\"\/\/patrick-valette.fr\/index.php\/mes-photos\" target=\"_blank\" rel=\"noopener\"><i  class=\"fa icon portfolio-icon fa-search big\" aria-hidden=\"true\"><\/i><\/a><\/div> <\/div><\/div> <\/div><\/div> <\/div><\/div> <\/div>","protected":false},"excerpt":{"rendered":"<p>Mes derni\u00e8res pens\u00e9es&nbsp; Tout ce que je raconte ici ne sont que des id\u00e9es, pens\u00e9es sortant de mon esprit \u00e0 l\u2019instant T. Je ne m\u2019excuse pas d\u2019exister et d\u2019\u00eatre humain. Si vos opinions sont diff\u00e9rentes alors n\u2019h\u00e9sitez pas \u00e0 m\u2019en faire part mais avec respect. Voir mes articles GALERIE D\u2019ART \u201cEn art point de fronti\u00e8re.\u201d&nbsp;&nbsp;&hellip; <br \/> <a class=\"read-more\" href=\"https:\/\/patrick-valette.fr\/index.php\/2022\/06\/23\/vive-la-politique-ses-blaireaux\/\">Lire la suite<\/a><\/p>\n","protected":false},"author":1,"featured_media":0,"parent":0,"menu_order":0,"comment_status":"closed","ping_status":"closed","template":"page-templates\/homepage.php","meta":{"footnotes":""},"class_list":["post-5","page","type-page","status-publish","hentry"],"_links":{"self":[{"href":"https:\/\/patrick-valette.fr\/index.php\/wp-json\/wp\/v2\/pages\/5","targetHints":{"allow":["GET"]}}],"collection":[{"href":"https:\/\/patrick-valette.fr\/index.php\/wp-json\/wp\/v2\/pages"}],"about":[{"href":"https:\/\/patrick-valette.fr\/index.php\/wp-json\/wp\/v2\/types\/page"}],"author":[{"embeddable":true,"href":"https:\/\/patrick-valette.fr\/index.php\/wp-json\/wp\/v2\/users\/1"}],"replies":[{"embeddable":true,"href":"https:\/\/patrick-valette.fr\/index.php\/wp-json\/wp\/v2\/comments?post=5"}],"version-history":[{"count":7,"href":"https:\/\/patrick-valette.fr\/index.php\/wp-json\/wp\/v2\/pages\/5\/revisions"}],"predecessor-version":[{"id":216,"href":"https:\/\/patrick-valette.fr\/index.php\/wp-json\/wp\/v2\/pages\/5\/revisions\/216"}],"wp:attachment":[{"href":"https:\/\/patrick-valette.fr\/index.php\/wp-json\/wp\/v2\/media?parent=5"}],"curies":[{"name":"wp","href":"https:\/\/api.w.org\/{rel}","templated":true}]}}